late j(c).
-11
Suppose 0 = -19*w - 0 + 76. Let c(j) = w*j - 2 + 4*j + 4*j - 10*j. Let u(g) = -g. Let t be u(5). Give c(t).
-12
Let j(g) = -g + 36. Let i(a) = a - 35. Let l(o) = 3*i(o) + 2*j(o). Let q = 496 - 496. What is l(q)?
-33
Suppose -5*l = -5*q + 10, 3*l - 9*q = -11*q - 26. Let d(c) = 1. Let f(m) = -m + 19. Let a(j) = l*d(j) + f(j). Determine a(7).
6
Let y(d) = -d + 5. Let n(c) = -c**3 - c + 5. Let h = 9 + -3. Let z be 3/h - (-6)/(-12). Let p be n(z). Give y(p).
0
Let v(k) = -7*k**3 - k**2 - 6*k - 1. Let x(n) = -5*n**3 - 5*n - 1. Let b(i) = 3*v(i) - 4*x(i). What is b(-3)?
-5
Let g be (-4)/(-30) + (-696)/(-180). Let o(m) = -4 - m + 0*m - g + 7. Give o(3).
-4
Let s(o) = 8*o**2 + 6*o - 5. Let f(c) = -c**2. Let i(b) = -6*f(b) - s(b). Let v be -6 + 8/8 - 0. What is i(v)?
-15
Let r = 7482 + -7463. Let q(c) = -5*c**2 + 96*c - 19. Give q(r).
0
Let f(h) = 76*h**2 + 10*h - 44. Let r(n) = -7*n**2 - 2*n + 2. Let q(v) = -f(v) - 10*r(v). Calculate q(-3).
-60
Let k be (2*-1)/(-3 - -1). Suppose -14*g + 15*g + 2*z = 16, 0 = 3*g + 5*z - 47. Let b(d) = 22*d**2 - g*d**2 + 9 - 14*d**2 - 10. What is b(k)?
-7
Let h(u) = -7*u**2 + 6*u - 39. Let y(k) = 19*k**2 - 18*k + 115. Let n(o) = 11*h(o) + 4*y(o). Calculate n(-5).
36
Let o(q) = 9*q**2 - 3*q - 1. Let s(z) = -1 - 5*z + 8*z**2 + 2*z - 5*z + 4*z + z. Let h(n) = -5*o(n) + 6*s(n). Give h(-2).
17
Let l(s) = 2*s - 1. Suppose -v = -2*m - 2, -237*m + 233*m - 2*v - 4 = 0. Suppose -3*g - 3333 = 594. Let w be g/(-385) - -2*m/5. Give l(w).
5
Let q be (-13)/78 - (15/(-9) - -1). Let p(z) be the second derivative of q*z**4 - 15*z + 7/6*z**3 + 3*z**2 + 1/20*z**5 + 0. What is p(-5)?
-4
Let n(s) be the third derivative of -s**5/120 + 5*s**4/24 + s**3/3 + 115*s**2. Let o(f) be the first derivative of n(f). What is o(0)?
5
Let f(s) = 327*s + 2619. Let d be f(-8). Let c(q) = q**2 - 4*q + 9. Determine c(d).
6
Suppose -4*v + 2*i = -54, -15*v - 4*i = -10*v - 74. Let j(m) = 2*m**3 - 26*m**2 - 25*m - 17. Determine j(v).
25
Let c(u) = -5*u + 60. Suppose -2518*t = -2585*t + 603. Determine c(t).
15
Suppose -239*s = -248*s + 18. Let w(z) be the second derivative of 7*z + 0*z**3 - 1/12*z**4 + 0 - 3*z**s. Calculate w(0).
-6
Let z = -412 + 408. Suppose -24 = -2*h - 5*j, -14 = -3*j - 2. Let c(d) = 1 + 2*d**2 + 0*d**h - d + d**3 + 5*d**2 - 4*d**2. Give c(z).
-11
Suppose -4*g + 2*z - 4*z + 92 = 0, -g - 3*z = -33. Let u be 6/g + (-57)/(-21). Let v(q) = -3 + 15*q**3 + 0*q + 2*q + 4*q**2 - 16*q**u. Calculate v(4).
5
Suppose 9 = g - 0*g - 3*x, -3*x - 21 = -5*g. Suppose -9*s + 2*h = -6*s + g, 5*s + 4*h + 5 = 0. Let q(m) = -m - 3. What is q(s)?
-2
Let l(d) = 2*d - 42. Let p(h) = 2*h - 41. Let v(j) = -5*l(j) + 6*p(j). Let r be v(15). Let b(o) = o**3 + 5*o**2 - 2*o + 7. Give b(r).
-17
Suppose 42 = 21*r + 357. Let q(f) = 2*f - 4. Determine q(r).
-34
Suppose -t - 40 = -579*l + 574*l, 5*l - 40 = -3*t. Let g(x) be the first derivative of -1/3*x**3 + t*x + 2*x**2 + 32. Give g(3).
3
Let r be 26/(-13)*(81/6)/(-9). Let h(w) = 5*w**3 + 3*w**2 - w - 4. Let x = 7 + 6. Let b(q) = -11*q**3 - 6*q**2 + 2*q + 8. Let y(n) = x*h(n) + 6*b(n). Give y(r).
-7
Suppose 4 = 4*b - 4. Suppose 7*l - 2*l = -i + 12, l + i - 4 = 0. Let u(z) = 22*z - 21*z - 3*z**2 - 1 + 4*z**l. What is u(b)?
5
Let d(w) = -w - 22. Let s be d(-21). Let c(n) = 10*n + 1. Calculate c(s).
-9
Let m(w) = -w**2 + 11*w + 5. Let y(q) = 9*q**2 + 30*q + 92. Let l be y(-3). Let c = 92 - l. Determine m(c).
23
Let n(k) be the second derivative of k**4/12 - k**3/2 + k. Suppose 6*a - 78 = -36. Let x be a*((-10)/7 - -2). Determine n(x).
4
Suppose -74*g = -83*g - 45. Let n(v) = v**3 + 6*v**2 + 4*v - 7. Determine n(g).
-2
Let a(g) = g**3 - 9*g**2 + g - 13. Let f(l) = 3*l - 11*l + 2*l + 14 + 5*l. Let x be f(12). Let q(k) = 2*k**3 - 5*k**2 + 6*k + 1. Let b be q(x). Determine a(b).
-4
Let s be ((5 - 2) + -15)/(-2). Let l(a) = 2 - 3 - 6*a - s + 7*a. Give l(0).
-7
Suppose -33*p + 34*p + 6 = 5*z, -p - 3*z + 10 = 0. Let o be (p - 1)/9*(2 - -13). Let a(v) = -v**2 + 2*v - 7. Give a(o).
-22
Let h be ((-20)/(-30))/((-10)/(-435)). Suppose -15*i - h = 1. Let u(f) = f**2 + f - 4. Give u(i).
-2
Let n(w) = -62*w - 147. Let l(z) = -85*z - 146. Let a(q) = 4*l(q) - 5*n(q). Calculate a(5).
1
Suppose 2*t - 54 + 50 = 0. Let k(h) = 1 - 62*h**2 + 32*h**t + 34*h**2 + h. Give k(-3).
34
Suppose 0 = 3*c + 2*h + 119, 2*c + 2*h + 80 = -0*c. Suppose 3*q + 148 = 7*q. Let u = q + c. Let v(y) = y + 2. Determine v(u).
0
Let t(b) = -b**2 + 5*b + 6. Let g = 1336 - 1328. Calculate t(g).
-18
Suppose -679 = -395*h + 492*h. Let z(u) = -2*u**2 - 22*u + 4. Calculate z(h).
60
Let k(t) = -3*t - 4. Let a = 190 - 190. Suppose -2*s - 3*z + 6 = a, 5*z + 0 = 20. Give k(s).
5
Let y(a) = -a**3 - 2*a**2 + 3*a. Let c(p) = -375*p + 2252. Let o be c(6). Determine y(o).
-10
Suppose 155 = 5*v - 3*b, 6*b = 3*b + 15. Suppose -2*j = -5*f - v, -51 = j - 6*j + 4*f. Let u(o) = -o + 1. Determine u(j).
-6
Let c = 96 - 81. Let h(f) = -25 + c + 10 + 13 + f. Calculate h(0).
13
Let u(o) be the first derivative of -o**6/120 + o**5/15 + 5*o**4/24 + o**3/3 - 90*o**2 - 176. Let a(j) be the second derivative of u(j). What is a(5)?
2
Let j(p) = -p**3 + 24*p**2 - 29*p. Let n(f) = f**2 - 2*f + 1. Let b(t) = -2*t**2 - t + 4. Let h be b(2). Let g(r) = h*n(r) + j(r). Calculate g(17).
-6
Suppose -7*h + 41 = -1. Let m be (-6)/(-15) - 309/(-15). Suppose -3*v + h + m = -5*r, v - 4*r = 16. Let p(i) = i**2 - 5*i + 2. Calculate p(v).
-2
Let i = -2 + 4. Let v(x) be the third derivative of -1/8*x**4 + 0 - 1/120*x**6 - 106*x**2 + 1/15*x**5 + 1/6*x**3 + 0*x. What is v(i)?
3
Let k = 20 + -13. Let l(o) = -39*o - 14. Let z(h) = -10*h - 3. Let d(w) = -l(w) + 4*z(w). Determine d(k).
-5
Let x(w) = 10*w**2 - 25*w**3 - 2*w**2 + 3*w**3 + 15 + 23*w**3 + w. What is x(-8)?
7
Suppose -4*q - 2*i + 16 = 0, 3*q - 2*i = -6*i + 7. Suppose 0 = -q*m - 4*v + 24, 0 = m - 2*v + v - 12. Let z(c) = c**3 - 9*c**2 + 9*c - 9. What is z(m)?
-1
Let c(z) = -44*z - 129. Suppose t + t + 6 = 0. Let f be c(t). Let u(m) = -m**3 + 4*m**2 - 4*m - 1. Give u(f).
-4
Let a(u) = 3*u**2 - 23*u - 17. Let t be (160/100)/((1/(-3))/((-140)/84)). Give a(t).
-9
Let t be 28/(-10)*(-16920)/7896. Let j = -1 - -1. Let q(s) = 5*s + 2 + j + 4*s**2 - 5*s**2. Give q(t).
-4
Let d(h) = -13*h - 110. Let n be d(-17). Let t(q) = 210*q**2 - 103*q**2 - q - 2*q - n*q**2 + 1 + 4*q. Give t(-1).
-4
Let d(j) = j**3 + 23*j**2 - 22*j + 51. Let q = 3303 + -3327. Calculate d(q).
3
Let v(t) = -t**3 - 5 - 9*t + 255643*t**2 + 11*t - 255648*t**2. Determine v(-4).
-29
Let z(g) = -10*g - 6. Suppose 11 = -i + 4*l, -l + 22 = 3*i + 29. Give z(i).
24
Let k(x) = -x**3 + 14*x**2 - 12*x - 22. Let w be (-42 - -47) + (5 - (-1 + -2)). What is k(w)?
-9
Let v(g) = 63*g + 3 - 2 - 81*g + 0. Give v(-4).
73
Let j(n) = -n - 25. Let u(b) = 5*b + 47. Let k(x) = 3*j(x) + u(x). What is k(9)?
-10
Let s be (0 - -4)*(2 - 1). Suppose 0 = o - f, -4*o - s*f + 10 + 30 = 0. Let a(j) be the first derivative of -j**2/2 + 6*j - 2318. Calculate a(o).
1
Let n(q) = -q - 12. Let m be (14/(-18)*-3)/((-67)/201). What is n(m)?
-5
Let p(x) = x**3 - 135*x**2 + 893*x + 397. Let k be p(128). Let t(o) be the first derivative of -k + 3*o**2 - 5*o + 1/3*o**3. Give t(-6).
-5
Let h(j) = 18*j - 6. Suppose -4*o - 10 = -6*o. Let p(i) = 18*i - 5. Let d(f) = o*p(f) - 4*h(f). Let g(b) = b**2 + 15*b - 153. Let c be g(7). Give d(c).
17
Let l(o) = -6*o + 338. Let i(t) = -68*t + 3724. Let y(m) = 3*i(m) - 32*l(m). Give y(30).
-4
Let p(s) = 12*s + 12 - 481947*s**2 + 2 + 481948*s**2. Let w = 46 + -56. Give p(w).
-6
Let q(h) = -22*h - 192. Let n(f) = 42*f + 873. Let k be n(-21). What is q(k)?
6
Let k be (-12)/(-4)*3/((-36)/8). Let b(q) = 2*q**3 + q**2 + 3*q. Let m(t) = -4*t**3 - t**2 - 6*t. Let o(p) = 5*b(p) + 2*m(p). Calculate o(k).
-10
Let h(d) = -d**3 - 5*d**2 + d + 65. Let w(o) = -o**3 + o**2 + o + 9. Let k(u) = h(u) - 2*w(u). Give k(6).
5
Let z(d) = -d - 7. Let t be z(-9). Let p(r) be the third derivative of r**4/12 + r**3/3 - 58*r**2 + 5*r. Determine p(t).
6
Let k(h) = 15*h. Let a(w) = -142*w - 291. Let s be a(-2). Determine k(s).
-105
Suppose 17*d = -2654 + 8077. Let n = 312 - d. Let q(i) = i**3 + 7*i**2 - 2*i + 8. What is q(n)?
22
Let p(c) = c - 2. Let a(s) = -15*s - 17. Let q(h) = -a(h) + 4*p(h). What is q(2)?
47
Let m = -563 + 807. Let